{"id":4016,"date":"2024-06-28T13:44:03","date_gmt":"2024-06-28T11:44:03","guid":{"rendered":"https:\/\/www.istitutoici.com\/?page_id=4016"},"modified":"2024-07-30T12:30:21","modified_gmt":"2024-07-30T10:30:21","slug":"disturbi-della-comunicazione","status":"publish","type":"page","link":"https:\/\/www.istitutoici.com\/index.php\/disturbi-della-comunicazione\/","title":{"rendered":"Disturbi della comunicazione"},"content":{"rendered":"<div class=\"wpb-content-wrapper\"><p>[vc_row full_width=&#8221;stretch_row_content_no_spaces&#8221; content_placement=&#8221;middle&#8221; container=&#8221;1&#8243;][vc_column]\n\t\t\t<!-- START Disturbi della comunicazione REVOLUTION SLIDER 6.7.41 --><p class=\"rs-p-wp-fix\"><\/p>\n\t\t\t<rs-module-wrap id=\"rev_slider_14_1_wrapper\" data-source=\"gallery\" style=\"visibility:hidden;background:transparent;padding:0;margin:0px auto;margin-top:0;margin-bottom:0;\">\n\t\t\t\t<rs-module id=\"rev_slider_14_1\" style=\"\" data-version=\"6.7.41\">\n\t\t\t\t\t<rs-slides style=\"overflow: hidden; position: absolute;\">\n\t\t\t\t\t\t<rs-slide style=\"position: absolute;\" data-key=\"rs-37\" data-title=\"Slide\" data-in=\"o:0;\" data-out=\"a:false;\">\n\t\t\t\t\t\t\t<img decoding=\"async\" src=\"\/\/www.istitutoici.com\/wp-content\/plugins\/revslider\/sr6\/assets\/assets\/dummy.png\" alt=\"disturbo della comunicazione\" title=\"disturbo della comunicazione\" width=\"1240\" height=\"400\" class=\"rev-slidebg tp-rs-img rs-lazyload\" data-lazyload=\"\/\/www.istitutoici.com\/wp-content\/uploads\/2024\/07\/disturbo-della-comunicazione.jpg\" data-panzoom=\"d:10000;ss:100%;se:100;os:-80px\/10px;\" data-no-retina>\n<!--\n\t\t\t\t\t\t\t--><rs-layer\n\t\t\t\t\t\t\t\tid=\"slider-14-slide-37-layer-1\" \n\t\t\t\t\t\t\t\tdata-type=\"text\"\n\t\t\t\t\t\t\t\tdata-color=\"#616370\"\n\t\t\t\t\t\t\t\tdata-rsp_ch=\"on\"\n\t\t\t\t\t\t\t\tdata-xy=\"x:c;xo:-7px,7px,6px,1px;yo:88px,132px,59px,83px;\"\n\t\t\t\t\t\t\t\tdata-text=\"w:normal;s:35,36,32,24;l:40,40,37,25;ls:-1px,0px,0px,0px;fw:800;a:center;\"\n\t\t\t\t\t\t\t\tdata-dim=\"w:auto,737px,auto,auto;minh:0px,none,none,none;\"\n\t\t\t\t\t\t\t\tdata-frame_999=\"o:0;st:w;\"\n\t\t\t\t\t\t\t\tstyle=\"z-index:7;font-family:'Tahoma', 'Geneva', 'sans-serif';text-transform:uppercase;\"\n\t\t\t\t\t\t\t>Disturbi della comunicazione \n\t\t\t\t\t\t\t<\/rs-layer><!--\n\n\t\t\t\t\t\t\t--><a\n\t\t\t\t\t\t\t\tid=\"slider-14-slide-37-layer-4\" \n\t\t\t\t\t\t\t\tclass=\"rs-layer rev-btn\"\n\t\t\t\t\t\t\t\thref=\"https:\/\/www.istitutoici.com\/index.php\/richiedi-un-appuntamento\/\" target=\"_self\"\n\t\t\t\t\t\t\t\tdata-type=\"button\"\n\t\t\t\t\t\t\t\tdata-rsp_ch=\"on\"\n\t\t\t\t\t\t\t\tdata-xy=\"x:c;xo:-11px,14px,14px,-5px;yo:218px,254px,380px,155px;\"\n\t\t\t\t\t\t\t\tdata-text=\"w:normal;s:12,13,19,9;l:27,31,45,21;fw:500;\"\n\t\t\t\t\t\t\t\tdata-dim=\"minh:0,none,none,none;\"\n\t\t\t\t\t\t\t\tdata-padding=\"r:17,20,29,14;l:17,20,29,14;\"\n\t\t\t\t\t\t\t\tdata-border=\"bor:25px,25px,25px,25px;\"\n\t\t\t\t\t\t\t\tdata-frame_999=\"o:0;st:w;\"\n\t\t\t\t\t\t\t\tdata-frame_hover=\"bgc:#007aff;bor:25px,25px,25px,25px;bri:120%;\"\n\t\t\t\t\t\t\t\tstyle=\"z-index:10;background-color:#114090;font-family:'Roboto';\"\n\t\t\t\t\t\t\t>Contatta il Centro \n\t\t\t\t\t\t\t<\/a><!--\n\n\t\t\t\t\t\t\t--><rs-layer\n\t\t\t\t\t\t\t\tid=\"slider-14-slide-37-layer-5\" \n\t\t\t\t\t\t\t\tdata-type=\"text\"\n\t\t\t\t\t\t\t\tdata-color=\"#616370\"\n\t\t\t\t\t\t\t\tdata-rsp_ch=\"on\"\n\t\t\t\t\t\t\t\tdata-xy=\"x:c;xo:-17px,12px,0,-4px;yo:48px,89px,23px,49px;\"\n\t\t\t\t\t\t\t\tdata-text=\"w:normal;s:18,21,20,15;l:40,49,48,37;ls:0px,2px,1px,0px;fw:500;a:center;\"\n\t\t\t\t\t\t\t\tdata-dim=\"minh:0px,none,none,none;\"\n\t\t\t\t\t\t\t\tdata-frame_999=\"o:0;st:w;\"\n\t\t\t\t\t\t\t\tstyle=\"z-index:8;font-family:'Tahoma', 'Geneva', 'sans-serif';\"\n\t\t\t\t\t\t\t>Disturbi trattati \n\t\t\t\t\t\t\t<\/rs-layer><!--\n-->\t\t\t\t\t<\/rs-slide>\n\t\t\t\t\t<\/rs-slides>\n\t\t\t\t<\/rs-module>\n\t\t\t\t<script>\n\t\t\t\t\tsetREVStartSize({c: 'rev_slider_14_1',rl:[1240,1024,778,480],el:[400,768,300,300],gw:[1240,1024,778,480],gh:[400,768,300,300],type:'standard',justify:'',layout:'fullwidth',mh:\"0\"});if (window.RS_MODULES!==undefined && window.RS_MODULES.modules!==undefined && window.RS_MODULES.modules[\"revslider141\"]!==undefined) {window.RS_MODULES.modules[\"revslider141\"].once = false;window.revapi14 = undefined;if (window.RS_MODULES.checkMinimal!==undefined) window.RS_MODULES.checkMinimal()}\n\t\t\t\t<\/script>\n\t\t\t<\/rs-module-wrap>\n\t\t\t<!-- END REVOLUTION SLIDER -->\n[vc_empty_space][\/vc_column][\/vc_row][vc_row][vc_column width=&#8221;1\/6&#8243;][\/vc_column][vc_column width=&#8221;4\/6&#8243;][vc_column_text css=&#8221;&#8221;]<\/p>\n<p style=\"text-align: justify;\"><span style=\"color: #114090;\"><strong><em>L\u2019attivit\u00e0 riabilitativa per i Disturbi della comunicazione<\/em><\/strong><\/span><\/p>\n<h3 style=\"text-align: justify;\"><span style=\"color: #114090;\"><strong>IL RITARDO DEL LINGUAGGIO<\/strong><\/span><\/h3>\n<h4 style=\"text-align: justify;\"><span style=\"color: #114090;\"><em>Cos\u2019\u00e8 il ritardo di linguaggio?<\/em><\/span><\/h4>\n<p>Il Ritardo di linguaggio \u00e8 un rallentamento dello sviluppo del linguaggio, in assenza di altri disturbi (neurologici, cognitivi e sensoriali), che si identifica fra i 24 mesi e 3 anni di et\u00e0.<\/p>\n<h4 style=\"text-align: justify;\"><span style=\"color: #114090;\"><em>Quali elementi caratterizzano il disturbo?<\/em><\/span><\/h4>\n<p>Gli elementi che permettono di identificare un ritardo di linguaggio sono:<br \/>\n&#8211; vocabolario espressivo limitato dai 24 mesi<br \/>\n&#8211; assenza di combinazione a partire dai 30 mesi<\/p>\n<h4 style=\"text-align: justify;\"><span style=\"color: #114090;\"><em>Come si svolge il trattamento?<\/em><\/span><\/h4>\n<p>\u00c8 un intervento di tipo precoce che ha l\u2019obiettivo di prevenire e promuovere lo sviluppo del linguaggio seguendo le tappe tipiche. I principali programmi di intervento consistono in una presa in carico del bambino, attraverso un intervento diretto, e della coppia genitore-bambino, attraverso un intervento indiretto. Obiettivo del logopedista \u00e8 favorire lo sviluppo della comunicazione verbale e non, attraverso la stimolazione dei prerequisiti necessari per lo sviluppo tipico del linguaggio. Tale stimolazione avviene soprattutto attraverso la mediazione che il logopedista attua sul genitore nei confronti del bambino, ovvero attraverso la messa in atto di consigli e indicazioni che il logopedista seleziona sulla base del profilo comunicativo-linguistico di partenza del bambino.[\/vc_column_text][vc_empty_space][vc_column_text css=&#8221;&#8221;]<\/p>\n<h3 style=\"text-align: justify;\"><strong><span style=\"color: #114090;\">IL DISTURBO DI LINGUAGGIO<\/span><\/strong><\/h3>\n<h4 style=\"text-align: justify;\"><span style=\"color: #114090;\"><em>Cos\u2019\u00e8 il disturbo di linguaggio?<\/em><\/span><\/h4>\n<p>\u00c8 una condizione di difficolt\u00e0 che si verifica nell\u2019acquisizione e nell\u2019uso del linguaggio dovuta ad un deficit nella comprensione o nella produzione lessicale (parole), sintattica (frasi) o discorsiva, in assenza di disturbi associati (neurologici, cognitivi e sensoriali).<\/p>\n<h4 style=\"text-align: justify;\"><em><span style=\"color: #114090;\">Quali elementi caratterizzano il disturbo?<\/span><\/em><\/h4>\n<p>Gli elementi che permettono di identificare un Disturbo di linguaggio sono:<br \/>\n&#8211; lessico espressivo e\/o ridotto<br \/>\n&#8211; compromissione della comprensione morfo-sintattica<br \/>\n&#8211; limitata strutturazione delle frasi<br \/>\n&#8211; compromissione delle capacit\u00e0 discorsive<\/p>\n<h4 style=\"text-align: justify;\"><span style=\"color: #114090;\"><em>Come si svolge il trattamento?<\/em><\/span><\/h4>\n<p>La manifestazione del disturbo del linguaggio pu\u00f2 avvenire in maniera differente in relazione alla modalit\u00e0 d\u2019uso, comprensione e\/o produzione, o ai diversi livelli linguistici interessati (lessico, morfologia, semantica, sintassi o discorso). Pertanto, a livello clinico \u00e8 fondamentale effettuare una valutazione logopedica, che permetta di delineare il profilo linguistico del bambino descrivendone i livelli, compromessi e adeguati, in base all\u2019et\u00e0 cronologica. Sulla base del profilo linguistico delineato, si programma l\u2019intervento logopedico, che perseguir\u00e0 il raggiungimento di obiettivi immediati e a lungo termine, in condivisione con la famiglia. Il compito del clinico \u00e8 individuare gli obiettivi prioritari, creando una gerarchia d\u2019intervento.[\/vc_column_text][vc_empty_space][vc_column_text css=&#8221;&#8221;]<\/p>\n<h3 style=\"text-align: justify;\"><strong style=\"color: #114090;\">IL DISTURBO FONETICO-FONOLOGICO<\/strong><\/h3>\n<h4 style=\"text-align: justify;\"><em style=\"color: #114090;\">Cos\u2019\u00e8 il disturbo fonetico-fonologico?<\/em><\/h4>\n<p style=\"text-align: justify;\">Riguarda la corretta acquisizione dei suoni della lingua.<\/p>\n<h4 style=\"text-align: justify;\"><em><span style=\"color: #114090;\">Quali elementi caratterizzano il disturbo?<\/span><\/em><\/h4>\n<p>\u00c8 caratterizzato da difficolt\u00e0 persistenti nella produzione dei suoni, tali da interferire con l\u2019intellegibilit\u00e0 dell\u2019eloquio. Per questo motivo limita le abilit\u00e0 comunicative e pu\u00f2 inficiare con la partecipazione sociale e il rendimento scolastico.<\/p>\n<p style=\"text-align: justify;\">I bambini con disturbo fonetico-fonologico possono avere difficolt\u00e0 riguardanti la conoscenza e l\u2019uso dei suoni della lingua, quindi gli aspetti prettamente fonologici, o la capacit\u00e0 di coordinare i movimenti necessari per l\u2019articolazione verbale (i movimenti del distretto linguo-bucco-facciale, la respirazione e la vocalizzazione). Il risultato \u00e8 un linguaggio caratterizzato da processi di semplificazione, che possono riguardare il sistema dei suoni o la struttura della parola.<\/p>\n<p style=\"text-align: justify;\">Ha un esordio precoce e viene diagnosticato quando la produzione dei suoni non \u00e8 adeguata rispetto all\u2019et\u00e0 ed alla fase di sviluppo del bambino, in assenza di deficit fisici, neurologici, uditivi o strutturali.<\/p>\n<p style=\"text-align: justify;\"><span style=\"color: #114090;\"><em>Come si svolge il trattamento?<br \/>\n<\/em><\/span>La terapia del disturbo fonetico-fonologico prevede tre fasi:<br \/>\n&#8211; training percettivo-motorio;<br \/>\n&#8211; training cognitivo-linguistico;<br \/>\n&#8211; produzione di parole in contesto morfosintattico.<br \/>\nNel training percettivo-motorio si lavora sulla discriminazione e produzione dei fonemi bersaglio, sia isolati che nella struttura sillabica, e incrementa il repertorio di gesti articolatori (se incompleto).<\/p>\n<p style=\"text-align: justify;\">Successivamente si effettua un training cognitivo-linguistico che allena la discriminazione tra parole in coppia minima (ovvero parole che si differenziano solo per il suono target), parole prodotte in modo corretto e scorretto e la produzione del bersaglio in parole sempre pi\u00f9 complesse.<\/p>\n<p style=\"text-align: justify;\">Infine, si stimola la produzione di parole in contesto morfosintattico, ovvero si lavora sulla capacit\u00e0 di utilizzare i suoni e le parole acquisite nella produzione di frasi e brevi racconti, per favorirne la generalizzazione.<\/p>\n<p>[\/vc_column_text][vc_empty_space][vc_column_text css=&#8221;&#8221;]<\/p>\n<h3 style=\"text-align: justify;\"><span style=\"color: #114090;\"><strong>IL DISTURBO DELLA COMUNICAZIONE SOCIALE<\/strong><\/span><\/h3>\n<h4 style=\"text-align: justify;\"><span style=\"color: #114090;\"><em>Cos\u2019\u00e8 il disturbo della comunicazione sociale?<\/em><\/span><\/h4>\n<p style=\"text-align: justify;\">Riguarda l\u2019uso sociale del linguaggio e della comunicazione.<\/p>\n<h4 style=\"text-align: justify;\"><span style=\"color: #114090;\"><em>Quali elementi caratterizzano il disturbo?<\/em><\/span><\/h4>\n<p>Difficolt\u00e0 persistenti nell\u2019uso sociale della comunicazione verbale e non verbale, quali:<br \/>\n&#8211; deficit nell\u2019uso della comunicazione con scopi sociali (ad esempio salutarsi e scambiarsi informazioni);<br \/>\n&#8211; difficolt\u00e0 ad adattare la comunicazione al contesto;<br \/>\n&#8211; difficolt\u00e0 nel seguire le regole di una conversazione (come rispettare i turni conversazionali);<br \/>\n&#8211; difficolt\u00e0 nel comprendere inferenze e\/o i significati non letterali o ambigui.<br \/>\nTale disturbo compromette l\u2019efficacia comunicativa inficiando le abilit\u00e0 sociali, il rendimento scolastico e\/o lavorativo.<\/p>\n<p style=\"text-align: justify;\">Il disturbo ha un esordio precoce, ma i sintomi possono essere evidenziati maggiormente nel momento in cui le esigenze comunicative a scopo sociale eccedono le limitate capacit\u00e0 pragmatiche.<\/p>\n<p style=\"text-align: justify;\">Generalmente nel disturbo della comunicazione sociale si evidenzia una storia di ritardi nel raggiungimento delle varie tappe di sviluppo linguistico.<\/p>\n<p style=\"text-align: justify;\"><span style=\"color: #114090;\"><em>Come si svolge il trattamento?<br \/>\n<\/em><\/span>\u00c8 un intervento specifico strutturato sulle esigenze individuali, con obiettivi mirati a favorire l\u2019adattamento alle richieste che il contesto di vita impone alla persona.<\/p>\n<p style=\"text-align: justify;\">Il trattamento mira generalmente al potenziamento della comprensione linguistica, in diversi contesti e situazioni, training per favorire la comprensione di messaggi impliciti di una conversazione e la capacit\u00e0 di discriminare messaggi letterali e figurati (ad esempio la capacit\u00e0 di comprendere le metafore ed i modi di dire), allenamento delle capacit\u00e0 di riflessione per adattare il linguaggio al contesto.<\/p>\n<p style=\"text-align: justify;\">Pu\u00f2 essere individuale, ma risulta molto utile anche il lavoro in gruppo al fine di lavorare sugli aspetti socio-comunicativi e relazioni, quali l\u2019alternanza dei turni conversazionali e le capacit\u00e0 di attribuire ruoli o stati emotivi ad altri interlocutori.<\/p>\n<p>[\/vc_column_text][vc_empty_space][vc_column_text css=&#8221;&#8221;]<\/p>\n<h3 style=\"text-align: justify;\"><span style=\"color: #114090;\"><strong>IL DISTURBO DELLA FLUENZA O BALBUZIE<\/strong><\/span><\/h3>\n<h4 style=\"text-align: justify;\"><span style=\"color: #114090;\"><em>Che cos\u2019\u00e8 il disturbo della fluenza o balbuzie?<\/em><\/span><\/h4>\n<p style=\"text-align: justify;\">La balbuzie \u00e8 un disturbo della fluenza con esordio nell\u2019infanzia.<\/p>\n<h4 style=\"text-align: justify;\"><span style=\"color: #114090;\"><em>Quali elementi caratterizzano il disturbo?<br \/>\n<\/em><\/span><\/h4>\n<p>Si caratterizza per alterazioni della normale fluenza e cadenza dell\u2019eloquio, inappropriate all\u2019et\u00e0 dell\u2019individuo e alle sue abilit\u00e0 linguistiche, che persistono nel tempo e sono caratterizzate dal frequente verificarsi di uno o pi\u00f9 dei seguenti elementi:<br \/>\n&#8211; ripetizioni di suoni e sillabe;<br \/>\n&#8211; prolungamenti dei suoni (consonantici o vocalici);<br \/>\n&#8211; interruzioni di parole;<br \/>\n&#8211; blocchi udibili o silenti;<br \/>\n&#8211; circonlocuzioni (sostituzioni di parole per evitare parole problematiche);<br \/>\n&#8211; parole pronunciate con eccessiva tensione fisica;<br \/>\n&#8211; ripetizione di intere parole monosillabiche.<\/p>\n<p style=\"text-align: justify;\">L\u2019alterazione causa ansia nel parlare o limitazioni dell\u2019efficacia della comunicazione. L\u2019esordio avviene in et\u00e0 precoce ed il disturbo non \u00e8 attribuibile a deficit motorio, sensoriale o neurologico, o ad altra condizione patologica.<\/p>\n<h4 style=\"text-align: justify;\"><span style=\"color: #114090;\"><em>Come si svolge il trattamento?<\/em><\/span><\/h4>\n<p>Prevede diverse fasi. Inizialmente si lavora sull\u2019identificazione del disturbo, individuando i comportamenti principali e secondari, gli atteggiamenti e i sentimenti che caratterizzano il proprio disturbo. Successivamente si attua una fase di desensibilizzazione, nella quale si lavora con l\u2019individuo disfluente sui sintomi tipici della balbuzie, attraverso tecniche di respirazione e di controllo fonatorio, e di modificazione, nella quale si insegnano strategie di compenso per ovviare ai blocchi e alle ripetizioni. Infine, si punta alla stabilizzazione di quanto appreso in tutti i contesti di vita.<\/p>\n<p>[\/vc_column_text][\/vc_column][vc_column width=&#8221;1\/6&#8243;][\/vc_column][\/vc_row][vc_row][vc_column][vc_empty_space][\/vc_column][\/vc_row]<\/p>\n<\/div>","protected":false},"excerpt":{"rendered":"<p>[vc_row full_width=&#8221;stretch_row_content_no_spaces&#8221; content_placement=&#8221;middle&#8221; container=&#8221;1&#8243;][vc_column][vc_empty_space][\/vc_column][\/vc_row][vc_row][vc_column width=&#8221;1\/6&#8243;][\/vc_column][vc_column width=&#8221;4\/6&#8243;][vc_column_text css=&#8221;&#8221;] L\u2019attivit\u00e0 riabilitativa per i Disturbi della comunicazione IL RITARDO DEL LINGUAGGIO Cos\u2019\u00e8 il ritardo di linguaggio? Il Ritardo di linguaggio \u00e8 un rallentamento dello sviluppo del linguaggio, in assenza di altri disturbi (neurologici, cognitivi e sensoriali), che si identifica fra i 24 mesi e 3 anni di et\u00e0.<\/p>\n","protected":false},"author":10,"featured_media":0,"parent":0,"menu_order":0,"comment_status":"closed","ping_status":"closed","template":"tpl-visual_composer.php","meta":{"footnotes":""},"categories":[],"tags":[212,200,218,203,193,217,195,206,177,192,211,204,213,210,47,197,205,202,208,215,207,201,199,216,194,209,196,214,191,160,198],"class_list":["post-4016","page","type-page","status-publish","hentry","tag-amnifestazione-del-disturbo","tag-assenza-di-combinazione","tag-balbuzie","tag-bambino","tag-comunicazione","tag-comunicazione-sociale","tag-comunicazione-verbale","tag-deficit-della-comprensione","tag-disturbi","tag-disturbi-della-comunicazione","tag-disturbo","tag-disturbo-di-linguaggio","tag-disturbo-fonetico-fonologico","tag-frasi","tag-ici","tag-istituo-ici","tag-linguaggio","tag-logopedista","tag-parole","tag-partecipazione-sociale","tag-produzione-lessicale","tag-profilo-comunicativo-linguistico","tag-rallentamento-dello-sviluppo-del-linguaggio","tag-rendimento-scolastico","tag-ritardo-di-linguaggio","tag-sintattica","tag-stimolazione","tag-suoni-della-lingua","tag-trattamento","tag-unita-clinica-ici","tag-vocabolario-espressivo"],"yoast_head":"<!-- This site is optimized with the Yoast SEO plugin v27.4 - https:\/\/yoast.com\/product\/yoast-seo-wordpress\/ -->\r\n<title>Disturbi della comunicazione - Centro clinico ICI<\/title>\r\n<meta name=\"description\" content=\"Il trattamento prevede un intervento di tipo precoce con l\u2019obiettivo di prevenire e promuovere lo sviluppo del linguaggio seguendo le tappe.\" \/>\r\n<meta name=\"robots\" content=\"index, follow, max-snippet:-1, max-image-preview:large, max-video-preview:-1\" \/>\r\n<link rel=\"canonical\" href=\"https:\/\/www.istitutoici.com\/index.php\/disturbi-della-comunicazione\/\" \/>\r\n<meta property=\"og:locale\" content=\"it_IT\" \/>\r\n<meta property=\"og:type\" content=\"article\" \/>\r\n<meta property=\"og:title\" content=\"Disturbi della comunicazione - Centro clinico ICI\" \/>\r\n<meta property=\"og:description\" content=\"Il trattamento prevede un intervento di tipo precoce con l\u2019obiettivo di prevenire e promuovere lo sviluppo del linguaggio seguendo le tappe.\" \/>\r\n<meta property=\"og:url\" content=\"https:\/\/www.istitutoici.com\/index.php\/disturbi-della-comunicazione\/\" \/>\r\n<meta property=\"og:site_name\" content=\"Centro clinico ICI\" \/>\r\n<meta property=\"article:modified_time\" content=\"2024-07-30T10:30:21+00:00\" \/>\r\n<meta name=\"twitter:card\" content=\"summary_large_image\" \/>\r\n<meta name=\"twitter:label1\" content=\"Tempo di lettura stimato\" \/>\n\t<meta name=\"twitter:data1\" content=\"7 minuti\" \/>\r\n<script type=\"application\/ld+json\" class=\"yoast-schema-graph\">{\"@context\":\"https:\\\/\\\/schema.org\",\"@graph\":[{\"@type\":\"WebPage\",\"@id\":\"https:\\\/\\\/www.istitutoici.com\\\/index.php\\\/disturbi-della-comunicazione\\\/\",\"url\":\"https:\\\/\\\/www.istitutoici.com\\\/index.php\\\/disturbi-della-comunicazione\\\/\",\"name\":\"Disturbi della comunicazione - Centro clinico ICI\",\"isPartOf\":{\"@id\":\"https:\\\/\\\/www.istitutoici.com\\\/#website\"},\"datePublished\":\"2024-06-28T11:44:03+00:00\",\"dateModified\":\"2024-07-30T10:30:21+00:00\",\"description\":\"Il trattamento prevede un intervento di tipo precoce con l\u2019obiettivo di prevenire e promuovere lo sviluppo del linguaggio seguendo le tappe.\",\"breadcrumb\":{\"@id\":\"https:\\\/\\\/www.istitutoici.com\\\/index.php\\\/disturbi-della-comunicazione\\\/#breadcrumb\"},\"inLanguage\":\"it-IT\",\"potentialAction\":[{\"@type\":\"ReadAction\",\"target\":[\"https:\\\/\\\/www.istitutoici.com\\\/index.php\\\/disturbi-della-comunicazione\\\/\"]}]},{\"@type\":\"BreadcrumbList\",\"@id\":\"https:\\\/\\\/www.istitutoici.com\\\/index.php\\\/disturbi-della-comunicazione\\\/#breadcrumb\",\"itemListElement\":[{\"@type\":\"ListItem\",\"position\":1,\"name\":\"Home\",\"item\":\"https:\\\/\\\/www.istitutoici.com\\\/\"},{\"@type\":\"ListItem\",\"position\":2,\"name\":\"Disturbi della comunicazione\"}]},{\"@type\":\"WebSite\",\"@id\":\"https:\\\/\\\/www.istitutoici.com\\\/#website\",\"url\":\"https:\\\/\\\/www.istitutoici.com\\\/\",\"name\":\"Centro clinico ICI\",\"description\":\"Centro accreditato Regione Lazio\",\"potentialAction\":[{\"@type\":\"SearchAction\",\"target\":{\"@type\":\"EntryPoint\",\"urlTemplate\":\"https:\\\/\\\/www.istitutoici.com\\\/?s={search_term_string}\"},\"query-input\":{\"@type\":\"PropertyValueSpecification\",\"valueRequired\":true,\"valueName\":\"search_term_string\"}}],\"inLanguage\":\"it-IT\"}]}<\/script>\r\n<!-- \/ Yoast SEO plugin. -->","yoast_head_json":{"title":"Disturbi della comunicazione - Centro clinico ICI","description":"Il trattamento prevede un intervento di tipo precoce con l\u2019obiettivo di prevenire e promuovere lo sviluppo del linguaggio seguendo le tappe.","robots":{"index":"index","follow":"follow","max-snippet":"max-snippet:-1","max-image-preview":"max-image-preview:large","max-video-preview":"max-video-preview:-1"},"canonical":"https:\/\/www.istitutoici.com\/index.php\/disturbi-della-comunicazione\/","og_locale":"it_IT","og_type":"article","og_title":"Disturbi della comunicazione - Centro clinico ICI","og_description":"Il trattamento prevede un intervento di tipo precoce con l\u2019obiettivo di prevenire e promuovere lo sviluppo del linguaggio seguendo le tappe.","og_url":"https:\/\/www.istitutoici.com\/index.php\/disturbi-della-comunicazione\/","og_site_name":"Centro clinico ICI","article_modified_time":"2024-07-30T10:30:21+00:00","twitter_card":"summary_large_image","twitter_misc":{"Tempo di lettura stimato":"7 minuti"},"schema":{"@context":"https:\/\/schema.org","@graph":[{"@type":"WebPage","@id":"https:\/\/www.istitutoici.com\/index.php\/disturbi-della-comunicazione\/","url":"https:\/\/www.istitutoici.com\/index.php\/disturbi-della-comunicazione\/","name":"Disturbi della comunicazione - Centro clinico ICI","isPartOf":{"@id":"https:\/\/www.istitutoici.com\/#website"},"datePublished":"2024-06-28T11:44:03+00:00","dateModified":"2024-07-30T10:30:21+00:00","description":"Il trattamento prevede un intervento di tipo precoce con l\u2019obiettivo di prevenire e promuovere lo sviluppo del linguaggio seguendo le tappe.","breadcrumb":{"@id":"https:\/\/www.istitutoici.com\/index.php\/disturbi-della-comunicazione\/#breadcrumb"},"inLanguage":"it-IT","potentialAction":[{"@type":"ReadAction","target":["https:\/\/www.istitutoici.com\/index.php\/disturbi-della-comunicazione\/"]}]},{"@type":"BreadcrumbList","@id":"https:\/\/www.istitutoici.com\/index.php\/disturbi-della-comunicazione\/#breadcrumb","itemListElement":[{"@type":"ListItem","position":1,"name":"Home","item":"https:\/\/www.istitutoici.com\/"},{"@type":"ListItem","position":2,"name":"Disturbi della comunicazione"}]},{"@type":"WebSite","@id":"https:\/\/www.istitutoici.com\/#website","url":"https:\/\/www.istitutoici.com\/","name":"Centro clinico ICI","description":"Centro accreditato Regione Lazio","potentialAction":[{"@type":"SearchAction","target":{"@type":"EntryPoint","urlTemplate":"https:\/\/www.istitutoici.com\/?s={search_term_string}"},"query-input":{"@type":"PropertyValueSpecification","valueRequired":true,"valueName":"search_term_string"}}],"inLanguage":"it-IT"}]}},"_links":{"self":[{"href":"https:\/\/www.istitutoici.com\/index.php\/wp-json\/wp\/v2\/pages\/4016","targetHints":{"allow":["GET"]}}],"collection":[{"href":"https:\/\/www.istitutoici.com\/index.php\/wp-json\/wp\/v2\/pages"}],"about":[{"href":"https:\/\/www.istitutoici.com\/index.php\/wp-json\/wp\/v2\/types\/page"}],"author":[{"embeddable":true,"href":"https:\/\/www.istitutoici.com\/index.php\/wp-json\/wp\/v2\/users\/10"}],"replies":[{"embeddable":true,"href":"https:\/\/www.istitutoici.com\/index.php\/wp-json\/wp\/v2\/comments?post=4016"}],"version-history":[{"count":12,"href":"https:\/\/www.istitutoici.com\/index.php\/wp-json\/wp\/v2\/pages\/4016\/revisions"}],"predecessor-version":[{"id":4575,"href":"https:\/\/www.istitutoici.com\/index.php\/wp-json\/wp\/v2\/pages\/4016\/revisions\/4575"}],"wp:attachment":[{"href":"https:\/\/www.istitutoici.com\/index.php\/wp-json\/wp\/v2\/media?parent=4016"}],"wp:term":[{"taxonomy":"category","embeddable":true,"href":"https:\/\/www.istitutoici.com\/index.php\/wp-json\/wp\/v2\/categories?post=4016"},{"taxonomy":"post_tag","embeddable":true,"href":"https:\/\/www.istitutoici.com\/index.php\/wp-json\/wp\/v2\/tags?post=4016"}],"curies":[{"name":"wp","href":"https:\/\/api.w.org\/{rel}","templated":true}]}}